2*w + 9. Let v be t(-9). Let a(m) = 4*m + 2 - 3*m + 7. Calculate a(v).
0
Let o(b) = -3*b + 20. Let p(w) = w - 7. Let f(t) = t**2 + 17*t + 64. Let n be f(-9). Let i(v) = n*p(v) - 3*o(v). What is i(0)?
-4
Let d(i) = -6*i**3 + 2*i**2 - 4*i - 2. Let x(z) = 7*z**3 - 2*z**2 + 5*z + 2. Let v = 33 + -27. Let f(n) = v*d(n) + 5*x(n). Calculate f(3).
-8
Let o(h) = 2*h**2 + 7*h + 1. Suppose 3*m + 31 = 19. Give o(m).
5
Let f(o) be the third derivative of -o**4/8 - 2*o**3 - 271*o**2. Give f(-13).
27
Let t(g) = g**3 + g**2 + 5*g - 1. Let w(s) = -6*s**3 - 4*s**2 - 26*s + 8. Let y(a) = 5*t(a) + w(a). Let v = 11 + -22. Let c = -8 - v. Calculate y(c).
-18
Let i(z) = -z**3 + 5*z**2 + 6*z - 5. Let y be ((8 - 5)/3)/(2/8). Suppose -24 = -0*c - y*c - 3*a, 5*c - 30 = a. Give i(c).
-5
Let m(i) = i**2 - i - 1. Let p(f) = 2*f**2 - 9*f - 4. Let j(o) = 3*m(o) - p(o). Give j(-5).
-4
Suppose 0 = -3*f - 12 + 24. Let m(q) = q**2 - 6*q + 3. Give m(f).
-5
Suppose -5*z + 3*i + 75 = -z, 5*z = 5*i + 90. Let b be (10 - 4)*(5/(-15) - 3). Let m = b + z. Let t(l) = 5*l. Give t(m).
5
Let c(n) = -1 + n**3 - 1 + 229*n**2 - 470*n**2 + 7*n + 233*n**2. What is c(7)?
-2
Let w = 65 + -63. Let b(q) = -4*q - 3*q**3 + 5 - 3 - 3 - 5*q**2 + w*q**3. Determine b(-4).
-1
Suppose -3*q + 5*q + 26 = 0. Let i(u) = -2*u + 8. Let m(s) = -s + 4. Let d(b) = q*m(b) + 6*i(b). Let z(p) = p - 4. Let g(j) = -7*d(j) + 6*z(j). Calculate g(3).
1
Suppose -2*i = 3*i - 30. Let d = i + -5. Let o be (2*d)/(-11 - -10). Let l(g) = -2*g + 2. What is l(o)?
6
Suppose 10 = s + 4. Let j = 13 + s. Let q(y) = -35*y + 17*y + j*y + 4. Determine q(-4).
0
Let d = 38 - 21. Suppose 0 = -u - d + 5. Let w be (-6)/(-12)*u/(-2). Let s(n) = n - 2. What is s(w)?
1
Let n(u) = -u. Let y(s) = -s. Let h(m) = -4*n(m) + 3*y(m). Give h(5).
5
Let b(r) = 11*r**2 - r. Let v = -135 - -62. Let z = -74 - v. Calculate b(z).
12
Let b(k) = k. Let p(n) = -5. Let l(m) = 2*b(m) - p(m). Calculate l(-4).
-3
Let a(v) = v**3 - 6*v**2 + 7*v - 12. Suppose -195*k - 30 = -201*k. Give a(k).
-2
Let j(h) be the second derivative of -h**3/3 - 3*h**2/2 - 140*h. Determine j(4).
-11
Let z(a) be the second derivative of -a**3/2 + 2*a**2 + 11*a - 1. What is z(2)?
-2
Let q(a) be the second derivative of -a**5/20 + 5*a**4/12 - a**3/6 - 111*a. What is q(5)?
-5
Let j(a) be the first derivative of -a**2/2 + 3*a + 37. Give j(7).
-4
Suppose -4*f + 13 = 3*w, 0 = 4*w - 3*f - 5 - 29. Let m(k) = -k**3 + 7*k**2 - 2*k - 3. Calculate m(w).
-17
Let q(s) = -s**2 - 6*s - 3. Let d(x) = -2*x**2 - 11*x - 5. Let t(f) = 3*d(f) - 5*q(f). Calculate t(-2).
2
Let q = 968 + -962. Let y(l) be the first derivative of l**2/2 - l + 1. Determine y(q).
5
Let r = 27 + -27. Let c(b) = -2*b + 17. Let l be c(r). Let h = l - 19. Let q(g) = -g**3 - g**2 + 2*g - 1. Determine q(h).
-1
Let j(y) = -y**3 + 7*y**2 - 4*y - 6. Suppose -9 = 2*c - 11. Suppose c = -n + 7. Determine j(n).
6
Let x(r) = 31*r - 3. Let k(i) = -10*i + 1. Suppose 18*y - 17*y + 7 = 0. Let n(m) = y*k(m) - 2*x(m). Calculate n(-1).
-9
Let j(c) = -c**3 + c**2 - 2. Suppose 22 = 3*k + 4*d + 123, 4*k - 5*d + 83 = 0. Let w(m) = -2*m - 54. Let b be w(k). Give j(b).
-2
Suppose -v - 4*b + 18 = b, -5*b + 50 = 5*v. Let p(i) = 5*i**3 - v*i**3 + 2*i - 1 - 5*i**3. Give p(1).
-7
Let h(z) be the third derivative of -z**6/120 - 7*z**5/60 + 5*z**4/12 - 5*z**3/3 - 94*z**2. Determine h(-8).
-26
Let q(k) be the second derivative of -k**4/24 + 3*k**3/2 + 21*k**2/2 - 2*k. Let i(h) be the first derivative of q(h). Calculate i(4).
5
Let t(c) = -c**2 - 11*c - 19. Let a(f) = -3*f**2 + 4*f + 7. Let x be a(3). Let z be t(x). Let l(p) = -p**3 + 3*p**2 + 7*p - 5. Calculate l(z).
-20
Let c(b) = -b + 2. Let r be (4/(-3) + 1)*-9. Let n be c(r). Let x(v) = -9*v - 1. Let o(p) = -245*p - 28. Let g(m) = -o(m) + 28*x(m). Determine g(n).
7
Let m(q) = -5*q**3 - 5*q**2 - 1. Let b(u) = 4*u**3 + 5*u**2. Let v(t) = -4*b(t) - 3*m(t). Calculate v(-4).
-13
Let z(s) = 23 + 2401*s + 2401*s - 4801*s. Determine z(0).
23
Let w(v) = 9*v + 19. Let n(p) be the second derivative of -2*p**3/3 - 9*p**2/2 - 28*p. Let y(i) = -7*n(i) - 3*w(i). Calculate y(8).
14
Let x(u) be the second derivative of -u**4/12 + 5*u**3/6 + 9*u**2/2 + 3*u + 7. Calculate x(7).
-5
Let d(l) = 5*l**2 - 6*l - 7. Let f(k) = 9*k**2 - 11*k - 13. Let x(w) = w**2 + 25*w + 50. Let b be x(-23). Let a(u) = b*f(u) - 7*d(u). Give a(4).
5
Let u(s) = -s - 8. Let z be -3*(-88)/(-24) + 1. What is u(z)?
2
Let g(r) be the first derivative of -8/3*r**3 + 11 + 0*r**5 + 0*r**4 + 0*r + 0*r**2 - 1/360*r**6. Let s(z) be the third derivative of g(z). What is s(0)?
0
Suppose 12*q - 16*q - 16 = 0, -3*q - 6 = -2*l. Let t(c) = 7*c - 2 + 5 - 3*c + c**2. What is t(l)?
0
Let i = -13 + 29. Suppose 0 + 8 = 2*x. Suppose 0 = 4*p + 3*a - 4 + 16, 0 = 2*p - x*a - i. Let g(q) = -q**2 + q + 2. What is g(p)?
2
Let x(q) = q + 3. Let n(l) = l**3 + 3*l**2 - 6*l - 4. Let a be n(-4). Let g be 2*(-2 - 1) - (a - 4). Determine x(g).
-3
Let x(a) be the first derivative of 5*a**3/3 - 2*a**2 - 3*a - 41. Calculate x(-2).
25
Let k(m) = -3*m**2 + 3*m**2 + m - 47*m**3 + 96*m**3 - 4 - 3*m**2 - 48*m**3. Calculate k(3).
-1
Suppose 0 = 2*m + 4*a - 12, 5*a - 4 + 0 = 3*m. Suppose -m*i + 72 = i. Let n = 28 - i. Let p(v) = v**2 - 4*v - 3. Determine p(n).
-3
Let x(p) = p**2 - 4*p + 3. Let h be x(4). Suppose h*d + 2*i + 0*i = 4, -3*i = -3*d + 24. Let y(n) = -272 + 130 + 4*n + 138 + 0*n - n**2. What is y(d)?
-4
Let s(c) = 11*c**2 - 15*c - 15. Let t(j) = -4*j**2 + 5*j + 5. Let p(i) = 3*s(i) + 8*t(i). Let x = 14 + -16. Let y be (x/(-3))/((-14)/(-105)). Calculate p(y).
-5
Let w(f) = f**2 - 11*f + 8. Let i be (4*(-55)/20)/(-1). What is w(i)?
8
Let g = -1312 - -1314. Let b(v) = -17*v**2 + 4*v - 3. What is b(g)?
-63
Let d be (-321)/21 - 2/(-7). Let y be (-154)/(-10) + 6/d. Let v(r) = y*r**2 - 7*r**2 - 10 - 6*r - 7*r**2. Determine v(7).
-3
Let x(z) = 0 + 2 + 6 + z - 7. Let c(q) = q + 2. Let g be c(5). What is x(g)?
8
Let k(d) = -3*d**3 + 16*d**2 - d + 30. Let f(u) = 7*u**3 - 30*u**2 + 2*u - 61. Let y(l) = 2*f(l) + 5*k(l). Determine y(20).
8
Let r(k) = 10*k - 2 - 8*k + 4*k. Give r(1).
4
Let h(t) = -6*t**2 - 11*t - 46. Let d(u) = u**2 + 2*u + 9. Let p(i) = -11*d(i) - 2*h(i). What is p(3)?
2
Suppose -10*a - 318 = -248. Let p(y) = -3*y**3 + 12*y**2 + 5*y - 12. Let i(h) = -h**3 + h**2 - 1. Let j(b) = -4*i(b) + p(b). What is j(a)?
6
Let k(x) = -x**2 + 4*x + 3. Let o be (4/(-16))/(1/(-8)). Suppose o*a - 3 = a. Suppose 0*n - a*n + 9 = 0. Give k(n).
6
Let k(z) = z**3 + z**2 - 5. Let h(u) = -2*u + 7. Let g(p) = -p + 6. Let l(j) = -3*g(j) + 2*h(j). Let v be l(-4). Calculate k(v).
-5
Let u(f) be the second derivative of f**4/12 + f**3 - 5*f**2/2 + 3*f. Let z = 92 - 7. Let t be z/34*(-1)/((-2)/(-4)). Calculate u(t).
-10
Let g(b) be the third derivative of -b**6/120 + 3*b**5/20 + b**4/24 - 11*b**3/6 - 5*b**2 - 21. Determine g(9).
-2
Suppose 0 = -5*y + 143 + 72. Let x = -28 + y. Let s be (x/(-12))/((-2)/(-8)). Let f(v) = -v**3 - 5*v**2 - 2. What is f(s)?
-2
Suppose 3*u = -q + 6, 0*q - 5*q = 5*u + 10. Let w(f) = -f**3 - 7*f**2 - 4*f + 7. Calculate w(q).
-5
Let l(r) be the first derivative of -r**3/3 + 4*r**2 - 5*r - 1. Let j be 4/2 + 5 + 3. Suppose 2*d = -0*d, -2*u + 2*d = -j. What is l(u)?
10
Let h = -9 + 13. Let f(l) = l**2 + 5*l + 5. Let m be f(-5). Let n(k) = k - m + 0*k + 4. What is n(h)?
3
Let p be -1 - -1 - (1 + -3). Let v(c) = c**2 + c - 1. Let r(g) = -7*g**2 + 2. Let m(k) = r(k) + 2*v(k). Determine m(p).
-16
Suppose 50 = m + 109. Let y = 57 + m. Let g(s) = s**3 + 3*s + 3. Give g(y).
-11
Suppose 7 = -5*x + d + 3, -5*d = x + 6. Let z(b) = 6*b**3 - b**2 - 2*b - 1. Determine z(x).
-6
Let g(k) = -k**2 - 3*k - 4. Suppose 8*z + 9 = 25. Suppose z*y + 0*r - 12 = -4*r, 3*y + 17 = r. Determine g(y).
-8
Let d(c) = -c**2 + 6*c + 10. Let g be d(7). Let v(l) = -3*l**2 + 5*l**3 + 2 - 2*l**3 - 5*l**g. What is v(-2)?
6
Suppose 10*d = 2*d - 32. Let u(x) = 6*x + 2. What is u(d)?
-22
Let k(t) = -4*t. Let d(s) = -s**3 + 5*s**2 + 10*s - 8. Let i be d(6). Let m(y) = 3*y**2 - y**2 + 4*y + 2 - i*y - 3*y**2. Let p be m(-12). What is k(p)?
-8
Suppose -9*d + 2 = 2. Suppose -4*n + d*n = -24. Let b(q) = q - 4. Calculate b(n).
2
Let f(s) = -s**2 - 5*s + 6. Suppose 0 = t + 209 + 31. Let v be ((-2)/(-6))/(16/t). Determine f(v).
6
Let m(g) = g**3 